{"id":88,"date":"2019-06-04T10:56:02","date_gmt":"2019-06-04T10:56:02","guid":{"rendered":"https:\/\/actionaudiovisuelle.com\/?page_id=88"},"modified":"2019-07-29T17:57:37","modified_gmt":"2019-07-29T17:57:37","slug":"presentation","status":"publish","type":"page","link":"https:\/\/actionaudiovisuelle.com\/","title":{"rendered":"En quelques mots"},"content":{"rendered":"<p style=\"text-align: left;\">Bien conscient de l\u2019importance que v\u00e9hicule l\u2019image et de sa r\u00e9percussion,<\/p>\n<p style=\"text-align: left;\"><strong>Action Audiovisuelle<\/strong> vous apporte des solutions de captation, r\u00e9alisation, montage post-production et diffusion de vos images, toujours dans un souci d\u2019esth\u00e9tique et d&rsquo;efficacit\u00e9, au service des professionnels et des particuliers.<\/p>\n<p style=\"text-align: left;\">Vous \u00eates une petite\/moyenne ou grande entreprise, une institution, artisan,<\/p>\n<p style=\"text-align: left;\">cr\u00e9ateur, artiste, sportif, freelance, milieu associatif ou participez \u00e0 une action diverse,<\/p>\n<p style=\"text-align: left;\"><strong>Action Audiovisuelle<\/strong> met en \u0153uvre ses moyens techniques et artistiques<\/p>\n<p style=\"text-align: left;\">dans une r\u00e9alisation audiovisuelle juste et honn\u00eate, d\u2019une s\u00e9quence, d&rsquo;un court-m\u00e9trage,<\/p>\n<p style=\"text-align: left;\">d\u2019une interview, d\u2019un reportage, d\u2019une communication, d\u2019un clip musical, d&rsquo;un book vid\u00e9o,<\/p>\n<p style=\"text-align: left;\">d\u2019un message, d&rsquo;un \u00e9v\u00e8nement, d&rsquo;une captation spectacle, d&rsquo;une retransmission\u2026 afin de promouvoir<\/p>\n<p style=\"text-align: left;\">votre activit\u00e9 personnelle ou professionnelle, de la dynamiser et la rendre visible par un travail soign\u00e9 et passionn\u00e9.<\/p>\n<p style=\"text-align: left;\">Rencontrons-nous et regardons ensemble vos projets, vos envies, vos ambitions et mettons les en lumi\u00e8re dans une collaboration complice et bienveillante !<\/p>\n","protected":false},"excerpt":{"rendered":"<p>Bien conscient de l\u2019importance que v\u00e9hicule l\u2019image et de sa r\u00e9percussion, Action Audiovisuelle vous apporte des solutions de captation, r\u00e9alisation, montage post-production et diffusion de vos images, toujours dans un souci d\u2019esth\u00e9tique et d&rsquo;efficacit\u00e9, au service des professionnels et des particuliers. Vous \u00eates une petite\/moyenne ou grande entreprise, une institution, artisan, cr\u00e9ateur, artiste, sportif, freelance, milieu associatif ou participez \u00e0 une action diverse, Action Audiovisuelle met en \u0153uvre ses moyens techniques et artistiques dans une r\u00e9alisation audiovisuelle juste et honn\u00eate, d\u2019une s\u00e9quence, d&rsquo;un court-m\u00e9trage, d\u2019une interview, d\u2019un reportage, d\u2019une communication, d\u2019un clip musical, d&rsquo;un book vid\u00e9o, d\u2019un message, d&rsquo;un \u00e9v\u00e8nement, d&rsquo;une captation spectacle, d&rsquo;une retransmission\u2026 afin de promouvoir votre activit\u00e9 personnelle ou professionnelle, de la dynamiser et la rendre visible par un travail soign\u00e9 et passionn\u00e9. Rencontrons-nous et regardons ensemble vos projets, vos envies, vos ambitions et mettons les en lumi\u00e8re dans une collaboration complice et bienveillante !<\/p>\n","protected":false},"author":3,"featured_media":0,"parent":0,"menu_order":0,"comment_status":"closed","ping_status":"closed","template":"","meta":{"footnotes":""},"class_list":["post-88","page","type-page","status-publish","hentry"],"yoast_head":"<!-- This site is optimized with the Yoast SEO plugin v25.6 - https:\/\/yoast.com\/wordpress\/plugins\/seo\/ -->\n<title>En quelques mots - Actionaudiovisuelle<\/title>\n<meta name=\"robots\" content=\"index, follow, max-snippet:-1, max-image-preview:large, max-video-preview:-1\" \/>\n<link rel=\"canonical\" href=\"https:\/\/actionaudiovisuelle.com\/\" \/>\n<meta property=\"og:locale\" content=\"fr_FR\" \/>\n<meta property=\"og:type\" content=\"article\" \/>\n<meta property=\"og:title\" content=\"En quelques mots - Actionaudiovisuelle\" \/>\n<meta property=\"og:description\" content=\"Bien conscient de l\u2019importance que v\u00e9hicule l\u2019image et de sa r\u00e9percussion, Action Audiovisuelle vous apporte des solutions de captation, r\u00e9alisation, montage post-production et diffusion de vos images, toujours dans un souci d\u2019esth\u00e9tique et d&rsquo;efficacit\u00e9, au service des professionnels et des particuliers. Vous \u00eates une petite\/moyenne ou grande entreprise, une institution, artisan, cr\u00e9ateur, artiste, sportif, freelance, milieu associatif ou participez \u00e0 une action diverse, Action Audiovisuelle met en \u0153uvre ses moyens techniques et artistiques dans une r\u00e9alisation audiovisuelle juste et honn\u00eate, d\u2019une s\u00e9quence, d&rsquo;un court-m\u00e9trage, d\u2019une interview, d\u2019un reportage, d\u2019une communication, d\u2019un clip musical, d&rsquo;un book vid\u00e9o, d\u2019un message, d&rsquo;un \u00e9v\u00e8nement, d&rsquo;une captation spectacle, d&rsquo;une retransmission\u2026 afin de promouvoir votre activit\u00e9 personnelle ou professionnelle, de la dynamiser et la rendre visible par un travail soign\u00e9 et passionn\u00e9. Rencontrons-nous et regardons ensemble vos projets, vos envies, vos ambitions et mettons les en lumi\u00e8re dans une collaboration complice et bienveillante !\" \/>\n<meta property=\"og:url\" content=\"https:\/\/actionaudiovisuelle.com\/\" \/>\n<meta property=\"og:site_name\" content=\"Actionaudiovisuelle\" \/>\n<meta property=\"article:modified_time\" content=\"2019-07-29T17:57:37+00:00\" \/>\n<meta name=\"twitter:card\" content=\"summary_large_image\" \/>\n<meta name=\"twitter:label1\" content=\"Dur\u00e9e de lecture estim\u00e9e\" \/>\n\t<meta name=\"twitter:data1\" content=\"1 minute\" \/>\n<script type=\"application\/ld+json\" class=\"yoast-schema-graph\">{\"@context\":\"https:\/\/schema.org\",\"@graph\":[{\"@type\":\"WebPage\",\"@id\":\"https:\/\/actionaudiovisuelle.com\/\",\"url\":\"https:\/\/actionaudiovisuelle.com\/\",\"name\":\"En quelques mots - Actionaudiovisuelle\",\"isPartOf\":{\"@id\":\"https:\/\/actionaudiovisuelle.com\/#website\"},\"datePublished\":\"2019-06-04T10:56:02+00:00\",\"dateModified\":\"2019-07-29T17:57:37+00:00\",\"breadcrumb\":{\"@id\":\"https:\/\/actionaudiovisuelle.com\/#breadcrumb\"},\"inLanguage\":\"fr-FR\",\"potentialAction\":[{\"@type\":\"ReadAction\",\"target\":[\"https:\/\/actionaudiovisuelle.com\/\"]}]},{\"@type\":\"BreadcrumbList\",\"@id\":\"https:\/\/actionaudiovisuelle.com\/#breadcrumb\",\"itemListElement\":[{\"@type\":\"ListItem\",\"position\":1,\"name\":\"Accueil\",\"item\":\"https:\/\/actionaudiovisuelle.com\/\"},{\"@type\":\"ListItem\",\"position\":2,\"name\":\"En quelques mots\"}]},{\"@type\":\"WebSite\",\"@id\":\"https:\/\/actionaudiovisuelle.com\/#website\",\"url\":\"https:\/\/actionaudiovisuelle.com\/\",\"name\":\"Actionaudiovisuelle\",\"description\":\"R\u00e9alisation de Films\",\"potentialAction\":[{\"@type\":\"SearchAction\",\"target\":{\"@type\":\"EntryPoint\",\"urlTemplate\":\"https:\/\/actionaudiovisuelle.com\/?s={search_term_string}\"},\"query-input\":{\"@type\":\"PropertyValueSpecification\",\"valueRequired\":true,\"valueName\":\"search_term_string\"}}],\"inLanguage\":\"fr-FR\"}]}<\/script>\n<!-- \/ Yoast SEO plugin. -->","yoast_head_json":{"title":"En quelques mots - Actionaudiovisuelle","robots":{"index":"index","follow":"follow","max-snippet":"max-snippet:-1","max-image-preview":"max-image-preview:large","max-video-preview":"max-video-preview:-1"},"canonical":"https:\/\/actionaudiovisuelle.com\/","og_locale":"fr_FR","og_type":"article","og_title":"En quelques mots - Actionaudiovisuelle","og_description":"Bien conscient de l\u2019importance que v\u00e9hicule l\u2019image et de sa r\u00e9percussion, Action Audiovisuelle vous apporte des solutions de captation, r\u00e9alisation, montage post-production et diffusion de vos images, toujours dans un souci d\u2019esth\u00e9tique et d&rsquo;efficacit\u00e9, au service des professionnels et des particuliers. Vous \u00eates une petite\/moyenne ou grande entreprise, une institution, artisan, cr\u00e9ateur, artiste, sportif, freelance, milieu associatif ou participez \u00e0 une action diverse, Action Audiovisuelle met en \u0153uvre ses moyens techniques et artistiques dans une r\u00e9alisation audiovisuelle juste et honn\u00eate, d\u2019une s\u00e9quence, d&rsquo;un court-m\u00e9trage, d\u2019une interview, d\u2019un reportage, d\u2019une communication, d\u2019un clip musical, d&rsquo;un book vid\u00e9o, d\u2019un message, d&rsquo;un \u00e9v\u00e8nement, d&rsquo;une captation spectacle, d&rsquo;une retransmission\u2026 afin de promouvoir votre activit\u00e9 personnelle ou professionnelle, de la dynamiser et la rendre visible par un travail soign\u00e9 et passionn\u00e9. Rencontrons-nous et regardons ensemble vos projets, vos envies, vos ambitions et mettons les en lumi\u00e8re dans une collaboration complice et bienveillante !","og_url":"https:\/\/actionaudiovisuelle.com\/","og_site_name":"Actionaudiovisuelle","article_modified_time":"2019-07-29T17:57:37+00:00","twitter_card":"summary_large_image","twitter_misc":{"Dur\u00e9e de lecture estim\u00e9e":"1 minute"},"schema":{"@context":"https:\/\/schema.org","@graph":[{"@type":"WebPage","@id":"https:\/\/actionaudiovisuelle.com\/","url":"https:\/\/actionaudiovisuelle.com\/","name":"En quelques mots - Actionaudiovisuelle","isPartOf":{"@id":"https:\/\/actionaudiovisuelle.com\/#website"},"datePublished":"2019-06-04T10:56:02+00:00","dateModified":"2019-07-29T17:57:37+00:00","breadcrumb":{"@id":"https:\/\/actionaudiovisuelle.com\/#breadcrumb"},"inLanguage":"fr-FR","potentialAction":[{"@type":"ReadAction","target":["https:\/\/actionaudiovisuelle.com\/"]}]},{"@type":"BreadcrumbList","@id":"https:\/\/actionaudiovisuelle.com\/#breadcrumb","itemListElement":[{"@type":"ListItem","position":1,"name":"Accueil","item":"https:\/\/actionaudiovisuelle.com\/"},{"@type":"ListItem","position":2,"name":"En quelques mots"}]},{"@type":"WebSite","@id":"https:\/\/actionaudiovisuelle.com\/#website","url":"https:\/\/actionaudiovisuelle.com\/","name":"Actionaudiovisuelle","description":"R\u00e9alisation de Films","potentialAction":[{"@type":"SearchAction","target":{"@type":"EntryPoint","urlTemplate":"https:\/\/actionaudiovisuelle.com\/?s={search_term_string}"},"query-input":{"@type":"PropertyValueSpecification","valueRequired":true,"valueName":"search_term_string"}}],"inLanguage":"fr-FR"}]}},"_links":{"self":[{"href":"https:\/\/actionaudiovisuelle.com\/index.php?rest_route=\/wp\/v2\/pages\/88"}],"collection":[{"href":"https:\/\/actionaudiovisuelle.com\/index.php?rest_route=\/wp\/v2\/pages"}],"about":[{"href":"https:\/\/actionaudiovisuelle.com\/index.php?rest_route=\/wp\/v2\/types\/page"}],"author":[{"embeddable":true,"href":"https:\/\/actionaudiovisuelle.com\/index.php?rest_route=\/wp\/v2\/users\/3"}],"replies":[{"embeddable":true,"href":"https:\/\/actionaudiovisuelle.com\/index.php?rest_route=%2Fwp%2Fv2%2Fcomments&post=88"}],"version-history":[{"count":0,"href":"https:\/\/actionaudiovisuelle.com\/index.php?rest_route=\/wp\/v2\/pages\/88\/revisions"}],"wp:attachment":[{"href":"https:\/\/actionaudiovisuelle.com\/index.php?rest_route=%2Fwp%2Fv2%2Fmedia&parent=88"}],"curies":[{"name":"wp","href":"https:\/\/api.w.org\/{rel}","templated":true}]}}